4017672?
2, 7, 19, 22573
What are the prime factors of 82301?
82301
List the prime factors of 763554.
2, 3, 11, 23, 503
List the prime factors of 730297.
730297
What are the prime factors of 8717001?
3, 2905667
What are the prime factors of 23612352?
2, 3, 23, 5347
What are the prime factors of 2421772?
2, 605443
What are the prime factors of 638534?
2, 13, 41, 599
What are the prime factors of 434066?
2, 217033
List the prime factors of 17923720.
2, 5, 448093
What are the prime factors of 1805278?
2, 902639
What are the prime factors of 8945633?
1531, 5843
What are the prime factors of 2204391?
3, 7, 104971
What are the prime factors of 19254085?
5, 823, 4679
What are the prime factors of 538197?
3, 11, 47, 347
What are the prime factors of 4682575?
5, 187303
What are the prime factors of 510603?
3, 29, 5869
List the prime factors of 10448625.
3, 5, 11, 17, 149
What are the prime factors of 956996?
2, 419, 571
What are the prime factors of 28668985?
5, 59, 157, 619
List the prime factors of 1850775.
3, 5, 24677
What are the prime factors of 2356925?
5, 23, 4099
What are the prime factors of 10930062?
2, 3, 11, 13, 12739
What are the prime factors of 6618130?
2, 5, 43, 15391
What are the prime factors of 1392947?
19, 167, 439
List the prime factors of 9910088.
2, 1238761
What are the prime factors of 145971?
3, 7, 331
List the prime factors of 11877433.
31, 383143
List the prime factors of 562799.
19, 1559
List the prime factors of 41416.
2, 31, 167
List the prime factors of 12841.
12841
What are the prime factors of 459762?
2, 3, 19, 37, 109
What are the prime factors of 204148?
2, 7, 23, 317
What are the prime factors of 791647?
31, 25537
What are the prime factors of 18171?
3, 673
List the prime factors of 248092.
2, 13, 367
What are the prime factors of 789216?
2, 3, 8221
List the prime factors of 2763105.
3, 5, 23, 8009
What are the prime factors of 3117635?
5, 277, 2251
What are the prime factors of 2849781?
3, 11, 86357
What are the prime factors of 239241?
3, 17, 4691
What are the prime factors of 277360?
2, 5, 3467
What are the prime factors of 2450473?
37, 103, 643
What are the prime factors of 1569488?
2, 233, 421
What are the prime factors of 1177340?
2, 5, 37, 43
What are the prime factors of 604504?
2, 19, 41, 97
List the prime factors of 4833384.
2, 3, 37, 5443
List the prime factors of 2031351.
3, 7, 96731
List the prime factors of 34196.
2, 83, 103
What are the prime factors of 3518155?
5, 703631
What are the prime factors of 18754015?
5, 7, 41, 1867
What are the prime factors of 58224?
2, 3, 1213
What are the prime factors of 3643764?
2, 3, 303647
List the prime factors of 28218067.
149, 229, 827
List the prime factors of 7935744.
2, 3, 10333
What are the prime factors of 18915800?
2, 5, 271, 349
What are the prime factors of 617888?
2, 19309
List the prime factors of 6307176.
2, 3, 109, 2411
What are the prime factors of 953276?
2, 67, 3557
List the prime factors of 14300.
2, 5, 11, 13
What are the prime factors of 5906292?
2, 3, 7, 70313
List the prime factors of 46803.
3, 15601
List the prime factors of 460513.
17, 103, 263
What are the prime factors of 231659?
17, 13627
List the prime factors of 2066389.
13, 23, 6911
What are the prime factors of 28571?
28571
List the prime factors of 1146132.
2, 3, 13, 31, 79
List the prime factors of 21058504.
2, 2632313
List the prime factors of 523031.
523031
What are the prime factors of 2001058?
2, 29, 34501
List the prime factors of 279950.
2, 5, 11, 509
List the prime factors of 542831.
542831
List the prime factors of 28998.
2, 3, 179
What are the prime factors of 14587020?
2, 3, 5, 7, 17, 227
What are the prime factors of 2079699?
3, 433, 1601
List the prime factors of 8497164.
2, 3, 13, 54469
List the prime factors of 75550.
2, 5, 1511
What are the prime factors of 4002540?
2, 3, 5, 19, 3511
List the prime factors of 20674672.
2, 1292167
List the prime factors of 9976167.
3, 1108463
What are the prime factors of 319725?
3, 5, 7, 29
What are the prime factors of 2604194?
2, 223, 5839
List the prime factors of 6207293.
277, 22409
What are the prime factors of 251081?
251081
What are the prime factors of 145579?
7, 2971
List the prime factors of 12134569.
12134569
What are the prime factors of 385493?
385493
List the prime factors of 5316983.
7, 759569
What are the prime factors of 649488?
2, 3, 7, 1933
What are the prime factors of 3377098?
2, 19, 181, 491
What are the prime factors of 1009091?
97, 101, 103
List the prime factors of 14794046.
2, 17, 19, 22901
What are the prime factors of 233045?
5, 127, 367
List the prime factors of 7946829.
3, 11, 991
List the prime factors of 1046491.
43, 24337
What are the prime factors of 3087199?
3087199
What are the prime factors of 31217688?
2, 3, 29, 14951
List the prime factors of 1542981.
3, 11, 46757
What are the prime factors of 27072312?
2, 3, 29, 97, 401
What are the prime factors of 3010390?
2, 5, 301039
List the prime factors of 279117.
3, 31013
What are the prime factors of 282551?
59, 4789
List the prime factors of 271087.
113, 2399
What are the prime factors of 2754811?
47, 58613
List the prime factors of 33672522.
2, 3, 13, 19, 22721
List the prime factors of 49168.
2, 7, 439
List the prime factors of 756420.
2, 3, 5, 7, 1801
List the prime factors of 4050261.
3, 450029
What are the prime factors of 145401?
3, 17, 2851
List the prime factors of 1617318.
2, 3, 19, 4729
What are the prime factors of 13576463?
23, 223, 2647
What are the prime factors of 641293?
61, 10513
List the prime factors of 2646047.
29, 91243
What are the prime factors of 647108?
2, 7, 11, 191
What are the prime factors of 1032954?
2, 3, 13, 17, 19, 41
What are the prime factors of 210443?
17, 12379
What are the prime factors of 32670142?
2, 16335071
List the prime factors of 3816123.
3, 113, 11257
List the prime factors of 1551949.
7, 221707
List the prime factors of 1256074.
2, 628037
What are the prime factors of 8425875?
3, 5, 22469
List the prime factors of 8570760.
2, 3, 5, 11, 43, 151
List the prime factors of 647271.
3, 61, 131
What are the prime factors of 23540192?
2, 13, 71, 797
List the prime factors of 497027.
601, 827
What are the prime factors of 228803?
17, 43, 313
What are the prime factors of 204154?
2, 102077
What are the prime factors of 26103380?
2, 5, 1305169
What are the prime factors of 325556?
2, 7, 11, 151
List the prime factors of 122341.
19, 47, 137
List the prime factors of 197305.
5, 39461
What are the prime factors of 13690144?
2, 13, 32909
What are the prime factors of 13761?
3, 11, 139
List the prime factors of 689432.
2, 86179
What are the prime factors of 19620246?
2, 3, 601, 5441
List the prime factors of 5636292.
2, 3, 469691
What are the prime factors of 9612446?
2, 17, 269, 1051
What are the prime factors of 434455?
5, 7, 12413
What are the prime factors of 1486430?
2, 5, 11, 13513
List the prime factors of 764962.
2, 11, 29, 109
What are the prime factors of 451417?
443, 1019
List the prime factors of 827631.
3, 7, 29, 151
What are the prime factors of 50308?
2, 12577
List the prime factors of 287652.
2, 3, 23971
List the prime factors of 1800395.
5, 397, 907
What are the prime factors of 605923?
521, 1163
What are the prime factors of 157909?
19, 8311
List the prime factors of 87199.
7, 12457
List the prime factors of 311841.
3, 34649
List the prime factors of 1523294.
2, 433, 1759
What are the prime factors of 13886911?
29, 389, 1231
List the prime factors of 2234238.
2, 3, 73, 5101
List the prime factors of 4888193.
2053, 2381
What are the prime factors of 3857314?
2, 419, 4603
List the prime factors of 1445711.
23, 239, 263
What are the prime factors of 7423981?
107, 69383
What are the prime factors of 763242?
2, 3, 127207
What are the prime factors of 1211099?
41, 109, 271
List the prime factors of 302835.
3, 5, 13, 1553
What are the prime factors of 72054?
2, 3, 4003
List the prime factors of 10740154.
2, 5370077
What are the prime factors of 189945?
3, 5, 7, 67
What are the prime factors of 3585374?
2, 13, 37, 3727
What are the prime factors of 59443?
59443
List the prime factors of 2169738.
2, 3, 149, 809
List the prime factors of 578613.
3, 7, 59, 467
List the prime factors of 1211088.
2, 3, 23, 1097
Li